 - p**5/60 - 14*p**3/3 + 4*p**2 - 14. Let n(i) be the third derivative of o(i). Calculate n(2).
0
Let k(z) = 4*z + 6. Let f be k(-1). Suppose -m = -y + 22, f*m = -7 - 3. Let s be (-1)/(-1) + (9 - y). Let t(j) = -j - 14. Calculate t(s).
-7
Let v(w) = -12*w + 81. Suppose -53*y + 368 = -7*y. What is v(y)?
-15
Let n = -8690 - -8687. Let p(u) = -4*u**2 + 9*u + 17. Give p(n).
-46
Let i(l) be the second derivative of -l**3 - l. Let c = -314 + 430. Suppose 112*d - 4 = c*d. Calculate i(d).
6
Let w(z) = -z**3 - z**2 + z - 3. Suppose p + 2*u = 8, -25*p - 4 = -21*p - 4*u. Give w(p).
-13
Let n(x) be the first derivative of -11*x**2 + 6*x + 3981. Calculate n(3).
-60
Let s = 480 + -478. Let c(u) = 3 - s*u + 5 - 15 + 9 - 1. Calculate c(4).
-7
Let s(v) = 7*v + 76. Suppose -2*o - 30 = -p, -17 = 11*o - 8*o + 2*p. Give s(o).
-1
Let z be 8*(152/352 + (-4)/22). Let h(p) = -7*p**2 - 5*p**2 + 13*p + 10*p**z + 7 + 3*p**2. Calculate h(-12).
-5
Let n(j) = 3*j + 10. Let g(h) = 6*h**2 + 4*h - 5. Let t be g(1). Suppose 4*o + q = -17, -37 = t*o + q - 5*q. Determine n(o).
-5
Let v(c) = 6 - 6 - c. Suppose -157*q - 22 = 2*x - 158*q, 0 = -2*x - 2*q + 2. What is v(x)?
7
Let r(k) = -15*k + 1034. Let p be r(69). Let y(u) = -5*u**2 - 17*u - 18. Determine y(p).
-6
Let o(x) = 1973*x**2 - x + 2. Let n be o(1). Let t(l) = -3*l**2 + 4*l**2 - 9*l - 2*l**2 + n - 1980. Let u = -2 + -6. Give t(u).
2
Let m(w) = -4*w**2 + 33*w + 10. Let q be 2/(-7) + (-36)/21. Let y(b) = -b**2 + 8*b + 2. Let t(p) = q*m(p) + 9*y(p). Calculate t(6).
-2
Suppose h = 4*d - 16, 0 = 5*h - 8*h - d + 17. Let k(m) = 54*m - 211. Let q be k(h). Let u(b) = b**3 - 5*b**2 + 4*b + 7. What is u(q)?
27
Suppose -2*l - 30 = -3*n - n, 5*n = -5*l + 15. Let c = -66 + 72. Let r(v) = -3 - 11*v - 5*v**2 - 2 + c*v + v**3 + 0. Give r(n).
1
Let v be 49/441*(0 + 0). Let p be (-4)/10 + (-184)/(-10). Suppose 9*o + v = p. Let y(s) = -2*s**3 + s**2 - s + 2. What is y(o)?
-12
Let a(q) be the first derivative of q**5/60 + 5*q**4/24 - q**3/6 + 19*q**2 + 221. Let r(p) be the second derivative of a(p). Let y = -13 - -8. Calculate r(y).
-1
Suppose 3*m + m = 3*d + 15, -4*d = 2*m - 2. Suppose 12 - 52 = -20*s. Let g(p) = s*p**2 + 3*p - 53 - 4*p + 108 - 55. Give g(d).
3
Let j(c) = -167*c - 1171. Let r be j(-7). Let t(a) = 2*a**2 - 6*a - 14. What is t(r)?
6
Let g(i) = -3*i**2 + 13*i + 100. Let z be g(-4). Let f(r) be the second derivative of z + 1/3*r**3 + 16*r - 3*r**2. Give f(6).
6
Let u(r) = r**2 - 310*r + 6588. Let w be u(23). Let d(g) = -g**2 - 10*g + 16. What is d(w)?
-23
Let q(b) = -6*b**2 + 6*b + 8. Suppose 2*k + 311 - 323 = -3*t, 4*t - 17 = -3*k. Determine q(t).
-4
Let a(s) = 5*s. Let n be (-92)/598 - (5228/(-13) + -1). Let q = 405 - n. Calculate a(q).
10
Let n(t) = t**2 - 4*t - 6. Let i(r) = -3*r**2 + 8*r + 9. Let d be i(-1). Let c be -1 + 6/(-1 - d). Calculate n(c).
-1
Let v(z) be the third derivative of z**6/120 + 7*z**5/20 - z**4/24 - 17*z**3/6 - z**2. Suppose 790 = -j - 5*c + 744, c = -5. Give v(j).
4
Suppose -61 = -3*x - m, -3*m + 16 = 5*x - 87. Suppose 2*k - 4*i = -22, 0*k + 3*i = 5*k + x. Let s(f) = 2*f - 1. What is s(k)?
-3
Let y(s) = 2*s**3 - 3*s**2 + 3*s - 3. Let d(z) = -z**2 - 14*z - 4. Let n be d(-6). Let o be 4028/95 + (-2)/5. Let h = n - o. Give y(h).
7
Let y(p) = -p**2 + 96*p - 369. Let m be y(4). Let g(k) = -10*k**3 + 7*k**2 + 6*k. Calculate g(m).
11
Let i = 22 - 5. Let b be (38 - 39) + 1 + (4 - 4). Suppose -i*p + 21 + 47 = b. Let s(f) = -f - 3. Calculate s(p).
-7
Let x be (6/5)/(26 + -32 + (-615)/(-100)). Let w(g) = -2 - 5*g**3 - 8*g + 9*g**2 - 2 - 13*g**3 + 17*g**3. What is w(x)?
-4
Suppose 7*h - 30 = -2*h - 3. Suppose -5*s - 5*m = -0*s + 5, -4 = -4*s - 2*m. Let d(a) = -3*a - s + 3*a + a. Give d(h).
0
Let i(n) = n**2 - 6*n - 3. Suppose 2*f - 4*f + 4*f = 0. Suppose -2*c - 2*c = l + 20, 5*l + 2*c + 10 = f. Let m be (6 + l/2)/1. Determine i(m).
-3
Let r(n) = 6*n + 2. Suppose -2*c + 0*c + 12 = -2*t, -5*c - 3*t = -54. Suppose -17*u - 43*u = -4860. Let x be c/(u/12)*(5 + -2). What is r(x)?
26
Let y(q) = 132 - 9*q - 219 + 87. Let u(k) = 3*k**3 + 2*k**2 + k. Let r be u(-1). What is y(r)?
18
Let l(m) = m**2 + m - 1. Let k(t) = -10*t**2 - 7*t + 4. Let j(u) = k(u) + 6*l(u). Let d be (133 + -123 - (12 + -1)) + 3. Calculate j(d).
-20
Let m(b) = b**3 - 10*b**2 + 5*b - 8. Let d(n) = n**2 - 17*n - 381. Let o be d(-13). Give m(o).
-44
Let k(y) = 71 - 68 + 3*y + 8*y**2 - 9*y**2. What is k(0)?
3
Let y(m) = -m**3 - 2*m**2 + 6. Suppose -n + 4*o = -0*o - 1, -5*n + 2*o = -77. Suppose -86 + n = 23*f. Calculate y(f).
15
Let i(n) = -191945*n**2 + n**3 + 191957*n**2 - 10*n + 21 + 19. Calculate i(-13).
1
Let w(h) be the third derivative of h**6/120 - h**5/10 - h**4/3 + 2*h**3/3 - h**2. Let u(d) = 3*d + 6. Let p be u(-5). Let x = -2 - p. Give w(x).
-3
Let q(c) = c**3 + 4*c**2 + 3*c + 5. Let n = -125 - -129. Suppose 0 = 2*h + 5*v - v - 12, n*h = 4*v - 36. Give q(h).
-7
Let t(w) = -4*w + 24*w**2 + 3 - 6*w**2 - 16*w**2. Let n be (-6 - -4)/(4/(-56)). Let k = n + -26. Determine t(k).
3
Let d(x) = -x**2 - 2*x + 3. Let z = 87 + -82. Let c(a) = 7*a - 1. Let l(u) = -20*u + 4. Let q(p) = 17*c(p) + 6*l(p). Let v be q(z). Calculate d(v).
-5
Suppose 52 = 24*b + 28. Let g(a) = 12*a**3 - 13*a**2 - 5*a - 4. Let u(q) = -3*q**3 + 3*q**2 + q + 1. Let m(o) = -2*g(o) - 9*u(o). Determine m(b).
2
Let r(f) = -11*f - 1. Suppose 4*i - 58 = -i + 4*n, -2*n - 54 = -5*i. Suppose d - v - 13 = 0, -v - v = 5*d - 51. Let j = i - d. Determine r(j).
10
Let t(g) = -3*g + 4. Let q be (-5 + 0)/(600/201 - 3). Let c = q + -332. Give t(c).
-5
Let b(g) = g + 5. Suppose 4*q = 496 - 128. Let w = -88 + q. Calculate b(w).
9
Suppose -6*s + 5*s - 60 = 5*x, -4*s - 60 = 5*x. Let y(v) = -v**2 - 4*v + 91. Determine y(x).
-5
Let z(c) = 2*c**2 + 13*c + 20. Let r be z(-4). Suppose 36 = 2*f + f. Suppose 2*w - f + 14 = r. Let s(o) = o**2 + 3*o + 1. What is s(w)?
-1
Let w(k) = -69*k - 220944480 + 16*k**2 - 2*k**2 + 220944485. Determine w(5).
10
Let v(q) be the first derivative of 3 - q**2 + 12*q + 20 + 24 - 4*q + 10. Let f = 6 - -3. Calculate v(f).
-10
Let h = -11901 + 11905. Let f(p) = -3*p**2 + 4*p + 23. Calculate f(h).
-9
Let s(l) = l**3 + 4*l**2 - 2*l - 7. Let p be s(-3). Suppose 4*o - m - 4 = -4*m, -4*m - 3 = -3*o. Let i(q) = -9*q - 7 + q + 6*q + o. Give i(p).
-22
Let d(p) = -p**2 - 2*p + 8. Let k(m) = -10*m - 146. Let z be k(-15). Suppose 0 = -4*l - 4*x - z, l - 52 = -4*x - 44. What is d(l)?
0
Suppose -6*f - 2*f = -f. Let s(g) be the first derivative of g**4/4 + g**3/3 - g**2/2 - g - 30. What is s(f)?
-1
Let f(b) = 4*b**2 + 3*b + 7 - 2*b**3 + 3*b + b**3. Let j(u) = -2*u**3 - 635*u**2 + 2251*u + 1289. Let v be j(-321). Calculate f(v).
12
Let g be (6 + -7)*0/(3 - 0). Let i(b) = -5*b**3 + 3*b**3 - 10*b**2 - b + g*b**3 + 11 + 3*b**3. Let v = 113 - 103. What is i(v)?
1
Let h(p) = p + 2. Let t = 94 + -90. Let d(a) = -a - 6. Let s(u) = t*h(u) + d(u). Determine s(1).
5
Let j = 6496 - 6500. Let x(c) = c**3 + 4*c**2 - c - 5. Give x(j).
-1
Let n(p) = -65124*p**2 + 3*p - 3*p**3 + 65138*p**2 + 0*p + 11 + 3*p**3 - p**3. Determine n(14).
53
Let x(t) = 7*t**3 - 50*t**2 - 3*t + 4. Let m(n) = -17*n**3 + 123*n**2 + 6*n - 7. Let y(s) = 2*m(s) + 5*x(s). Let c = 11 - 7. What is y(c)?
-6
Let i = 1 - 1. Let x be 0*(-11)/(-121)*11. Let n(k) = 3 - 2*k + x + 0 - 1. Give n(i).
2
Suppose -10*i = i - 66. Let a(t) = 5 + 3*t - i*t + 11*t. Let j(o) = -15*o - 9. Let s(n) = 7*a(n) + 4*j(n). Determine s(-1).
3
Let y be 10 + 3/3*-14. Let s(u) = -14*u + 7. Give s(y).
63
Let m(c) = -c**2 - 14*c - 45. Let q(l) = -l**2 - 13*l - 44. Let r(v) = -2*m(v) + 3*q(v). What is r(-4)?
-14
Let q(l) = -2*l + 10. Suppose 15*i - 8*i - 14 = 0. Suppose 4*v - 5*b + 5 = 31, 0 = b + i. Suppose -v*n - 7 = s, -4*s + 0*n - n + 32 = 0. What is q(s)?
-8
Let y(o) = -2*o**2 + 2*o + 3. Suppose c = -3*c - 3*f - 19, 5*f = -c - 9. Let l(x) = -3*x**2 + 3*x + 4. Let k(w) = c*l(w) + 5*y(w). Calculate k(-1).
3
Suppose -2806 + 2808 = m. Let w(k) be the first derivative of 0*k**m + k + 1/4*k**4 - 2/3*k**3 + 14. What is w(2)?
1
Let v(n) = -1195 - 1193 + 3550 - 8*n - 1205. What is v(-6)?
5
Let f(b) = -4*b + 168. Let d(o) = -368*o + 1882. Let q be d(5). Give f(q).
0
Let t(c) = 0*c**3 + c**3 - 3 - 8*c + 8*c**2 - 2*c**2. Suppose -3*u - 1297 - 4793 = 5*i, 5*i = -4*u - 8125. Let x be